, 10903
List the prime factors of 1381212551.
29, 41, 1161659
What are the prime factors of 44082817?
44082817
List the prime factors of 160887236.
2, 103, 390503
List the prime factors of 49771740.
2, 3, 5, 31, 26759
List the prime factors of 13896025.
5, 11, 13, 23
What are the prime factors of 171839151?
3, 11, 2381
List the prime factors of 214075703.
214075703
What are the prime factors of 6986408457?
3, 7, 332686117
What are the prime factors of 5791353461?
137, 42272653
List the prime factors of 767820127.
373, 773, 2663
List the prime factors of 50319724.
2, 7, 13, 138241
List the prime factors of 1402548677.
37, 37906721
What are the prime factors of 789891887?
6823, 115769
What are the prime factors of 191283667?
149, 467, 2749
List the prime factors of 300342887.
13, 83, 278353
List the prime factors of 676116359.
676116359
What are the prime factors of 1990690408?
2, 7, 35548043
What are the prime factors of 51293401?
3259, 15739
What are the prime factors of 2318507?
2318507
List the prime factors of 72022131.
3, 23, 347933
List the prime factors of 65322524.
2, 239, 68329
What are the prime factors of 21183727?
19, 127, 8779
List the prime factors of 4591697560.
2, 5, 114792439
What are the prime factors of 21214786?
2, 23, 461191
What are the prime factors of 790853071?
367, 2154913
What are the prime factors of 156416625?
3, 5, 257, 541
List the prime factors of 37988151.
3, 103, 122939
What are the prime factors of 2273373456?
2, 3, 47, 1007701
List the prime factors of 154156720.
2, 5, 41, 43, 1093
What are the prime factors of 2275717712?
2, 67, 211, 10061
List the prime factors of 341563736.
2, 42695467
What are the prime factors of 2536204904?
2, 239, 1326467
List the prime factors of 1117437703.
37, 30201019
List the prime factors of 21966504.
2, 3, 7, 18679
What are the prime factors of 4277117538?
2, 3, 983, 241727
What are the prime factors of 879864262?
2, 439932131
List the prime factors of 240212234.
2, 120106117
What are the prime factors of 66978771?
3, 22326257
List the prime factors of 214925082.
2, 3, 37, 59, 61, 269
What are the prime factors of 215922916?
2, 11, 17, 19, 15193
List the prime factors of 206584632.
2, 3, 29, 98939
List the prime factors of 75985242.
2, 3, 12664207
What are the prime factors of 84565658?
2, 67, 409, 1543
List the prime factors of 199975616.
2, 23, 73, 1861
List the prime factors of 60881912.
2, 7, 13, 919
What are the prime factors of 68701742?
2, 2423, 14177
List the prime factors of 77064671.
77064671
What are the prime factors of 86353991?
86353991
List the prime factors of 2133724412.
2, 191, 2792833
List the prime factors of 261268897.
261268897
What are the prime factors of 3649807915?
5, 13, 67, 127, 6599
List the prime factors of 409086736.
2, 157, 162853
What are the prime factors of 1899788630?
2, 5, 3181, 59723
List the prime factors of 61312642.
2, 17, 593, 3041
List the prime factors of 44459080.
2, 5, 17, 65381
What are the prime factors of 89512263?
3, 59, 83, 677
What are the prime factors of 3020235632?
2, 191, 988297
What are the prime factors of 62180318?
2, 347, 89597
List the prime factors of 17535101.
1697, 10333
List the prime factors of 4837234537.
9787, 494251
What are the prime factors of 41005517?
7, 53, 110527
What are the prime factors of 742377001?
742377001
List the prime factors of 268137558.
2, 3, 13, 599, 1913
What are the prime factors of 205417468?
2, 59, 870413
What are the prime factors of 83357206?
2, 59, 706417
What are the prime factors of 8347989?
3, 13, 214051
List the prime factors of 2916937512.
2, 3, 571, 70951
What are the prime factors of 34160553?
3, 7, 67, 8093
What are the prime factors of 7525796288?
2, 117590567
List the prime factors of 90570357.
3, 1217, 8269
List the prime factors of 652773386.
2, 19, 31, 554137
List the prime factors of 421322109.
3, 13, 41, 263491
List the prime factors of 1149492326.
2, 293, 347, 5653
List the prime factors of 92629239.
3, 103, 299771
List the prime factors of 210066261.
3, 19, 31, 6257
What are the prime factors of 99439034?
2, 49719517
What are the prime factors of 379145801?
6491, 58411
List the prime factors of 284940005.
5, 7, 8141143
List the prime factors of 383493162.
2, 3, 13, 101, 48679
List the prime factors of 21192004.
2, 457, 11593
What are the prime factors of 399156403?
31, 12876013
What are the prime factors of 67967398?
2, 33983699
List the prime factors of 172895218.
2, 4027, 21467
What are the prime factors of 477043941?
3, 11, 421, 34337
List the prime factors of 1054085203.
1054085203
List the prime factors of 90236319.
3, 31, 269, 3607
List the prime factors of 621527351.
621527351
What are the prime factors of 2821330981?
7, 313, 1287691
List the prime factors of 162091086.
2, 3, 4243, 6367
What are the prime factors of 43485141?
3, 7, 1439
List the prime factors of 3726452.
2, 197, 4729
List the prime factors of 91109712.
2, 3, 19, 99901
What are the prime factors of 233078920?
2, 5, 43, 135511
What are the prime factors of 50995371?
3, 7, 761, 3191
List the prime factors of 137777673.
3, 11, 17, 245593
What are the prime factors of 7259412867?
3, 7, 7054823
List the prime factors of 73366821.
3, 11, 741079
What are the prime factors of 1727881179?
3, 22871, 25183
List the prime factors of 16093911.
3, 43, 124759
What are the prime factors of 55466589?
3, 29, 37, 17231
What are the prime factors of 1692921769?
7, 11, 1998727
What are the prime factors of 203855786?
2, 349, 292057
List the prime factors of 315964502.
2, 7, 97, 232669
What are the prime factors of 741310130?
2, 5, 11, 31, 19763
List the prime factors of 290599055.
5, 58119811
List the prime factors of 268015480.
2, 5, 6700387
List the prime factors of 179030225.
5, 11, 651019
List the prime factors of 684955498.
2, 342477749
What are the prime factors of 14468180?
2, 5, 723409
What are the prime factors of 2607516207?
3, 37, 53, 147743
List the prime factors of 42329634.
2, 3, 73, 96643
List the prime factors of 3837208430.
2, 5, 11, 1301, 26813
List the prime factors of 168072444.
2, 3, 4668679
What are the prime factors of 153190992?
2, 3, 29, 110051
What are the prime factors of 38494902?
2, 3, 17, 83, 4547
What are the prime factors of 89880869?
13, 367, 18839
What are the prime factors of 833055389?
4241, 196429
List the prime factors of 253002320.
2, 5, 3162529
What are the prime factors of 109249112?
2, 7, 53, 36809
List the prime factors of 24258531.
3, 11, 735107
List the prime factors of 67317868.
2, 16829467
List the prime factors of 356020543.
356020543
What are the prime factors of 1631532080?
2, 5, 20394151
List the prime factors of 1179581058.
2, 3, 65532281
List the prime factors of 59334776.
2, 7416847
What are the prime factors of 19924207?
593, 33599
What are the prime factors of 28097253?
3, 31, 33569
List the prime factors of 539024614.
2, 2341, 115127
What are the prime factors of 3765832629?
3, 13, 43, 2245577
List the prime factors of 354687425.
5, 14187497
List the prime factors of 2443723868.
2, 610930967
List the prime factors of 1103925109.
7, 3511, 44917
List the prime factors of 414505695.
3, 5, 41, 107, 6299
What are the prime factors of 475260287?
31, 47, 79, 4129
What are the prime factors of 66895590?
2, 3, 5, 2229853
What are the prime factors of 344220738?
2, 3, 57370123
What are the prime factors of 6306362384?
2, 7, 56306807
What are the prime factors of 383467082?
2, 19, 113, 89303
What are the prime factors of 157058381?
157058381
List the prime factors of 523430544.
2, 3, 7, 13, 17, 19, 53
List the prime factors of 49898319.
3, 16632773
What are the prime factors of 1036135539?
3, 47, 2449493
What are the prime factors of 127906065?
3, 5, 7, 463, 877
What are the prime factors of 914040003?
3, 17, 307, 58379
List the prime factors of 20915734.
2, 7, 1493981
What are the prime factors of 88054263?
3, 11, 296479
What are the prime factors of 555721346?
2, 61, 1657, 2749
List the prime factors of 250343721.
3, 43, 646883
List the prime factors of 1270811467.
1270811467
List the prime factors of 2186367923.
2186367923
List the prime factors of 64917533.
1109, 58537
List the prime factors of 568393337.
293, 1939909
What are the prime factors of 4300552486?
2,